ed by 59431812.
15
What is the remainder when 52397 is divided by 5407?
3734
What is the remainder when 245157 is divided by 81688?
93
Calculate the remainder when 61697 is divided by 1665.
92
Calculate the remainder when 25771954 is divided by 1266.
1258
Calculate the remainder when 3338829 is divided by 10369.
11
Calculate the remainder when 1812069 is divided by 643.
95
Calculate the remainder when 616739 is divided by 29365.
74
What is the remainder when 2928202 is divided by 418312?
18
What is the remainder when 73756995 is divided by 18?
15
Calculate the remainder when 287411 is divided by 2230.
1971
What is the remainder when 21914907 is divided by 16?
11
What is the remainder when 840846 is divided by 660?
6
What is the remainder when 338105921 is divided by 45?
41
Calculate the remainder when 54266468 is divided by 78.
74
Calculate the remainder when 16000441 is divided by 30.
1
Calculate the remainder when 1816173 is divided by 238.
233
Calculate the remainder when 9823 is divided by 5898.
3925
What is the remainder when 7552452 is divided by 1041?
1038
Calculate the remainder when 1567132 is divided by 54.
52
What is the remainder when 62416004 is divided by 94?
4
Calculate the remainder when 4052446 is divided by 2647.
2536
What is the remainder when 1913839 is divided by 102?
13
What is the remainder when 13554670 is divided by 48?
46
What is the remainder when 1549001 is divided by 3086?
2915
Calculate the remainder when 210160 is divided by 4208.
3968
Calculate the remainder when 1661398 is divided by 27.
7
Calculate the remainder when 404007 is divided by 80775.
132
What is the remainder when 3975826 is divided by 73626?
22
What is the remainder when 5769379 is divided by 22625?
4
What is the remainder when 549818 is divided by 6705?
8
What is the remainder when 5355257 is divided by 367?
360
Calculate the remainder when 62470 is divided by 1891.
67
Calculate the remainder when 5902051 is divided by 416.
259
Calculate the remainder when 11934422 is divided by 88.
38
Calculate the remainder when 4252168 is divided by 65.
63
Calculate the remainder when 953197 is divided by 413.
406
Calculate the remainder when 6431227 is divided by 1869.
1867
What is the remainder when 3551635 is divided by 267?
1
What is the remainder when 26635124 is divided by 3925?
74
What is the remainder when 6744117 is divided by 478?
15
Calculate the remainder when 3751427 is divided by 1875711.
5
Calculate the remainder when 3999128 is divided by 16525.
78
Calculate the remainder when 39381596 is divided by 1614.
1610
Calculate the remainder when 361353 is divided by 2933.
594
Calculate the remainder when 1767901 is divided by 196424.
85
What is the remainder when 1601955 is divided by 523?
6
What is the remainder when 627686 is divided by 209190?
116
Calculate the remainder when 40780 is divided by 5557.
1881
What is the remainder when 1719975 is divided by 1518?
81
What is the remainder when 131223 is divided by 30?
3
Calculate the remainder when 665387 is divided by 2893.
2890
Calculate the remainder when 322880 is divided by 1400.
880
What is the remainder when 434367 is divided by 42267?
11697
Calculate the remainder when 4654802 is divided by 1163700.
2
What is the remainder when 10947884 is divided by 5473918?
48
Calculate the remainder when 267605 is divided by 24327.
8
Calculate the remainder when 590052 is divided by 922.
894
What is the remainder when 63016669 is divided by 83?
81
Calculate the remainder when 143067 is divided by 10404.
7815
Calculate the remainder when 10073207 is divided by 35221.
1
What is the remainder when 126598 is divided by 1361?
25
What is the remainder when 5566966 is divided by 37?
20
Calculate the remainder when 2072042 is divided by 417.
386
What is the remainder when 123418 is divided by 942?
16
What is the remainder when 812991 is divided by 2265?
2121
What is the remainder when 822317 is divided by 5915?
132
Calculate the remainder when 226890392 is divided by 12.
8
What is the remainder when 10888 is divided by 497?
451
What is the remainder when 207444601 is divided by 3371?
3
What is the remainder when 1279092786 is divided by 351?
348
What is the remainder when 328017 is divided by 1771?
382
What is the remainder when 2705609 is divided by 26524?
161
Calculate the remainder when 181439079 is divided by 45359767.
11
Calculate the remainder when 11354923 is divided by 21.
13
What is the remainder when 12062907 is divided by 570?
567
Calculate the remainder when 15225817 is divided by 155.
12
Calculate the remainder when 8403707 is divided by 111.
8
What is the remainder when 128043 is divided by 700?
643
Calculate the remainder when 517623 is divided by 475.
348
What is the remainder when 615832840 is divided by 6106?
6104
Calculate the remainder when 2429513 is divided by 243.
242
Calculate the remainder when 3819706 is divided by 5418.
16
What is the remainder when 1065213 is divided by 287?
156
Calculate the remainder when 433754 is divided by 2105.
124
Calculate the remainder when 5445253 is divided by 46.
3
What is the remainder when 1123210 is divided by 112314?
70
What is the remainder when 1062846 is divided by 531406?
34
Calculate the remainder when 64436533 is divided by 1129.
1116
What is the remainder when 45502738 is divided by 12160?
18
What is the remainder when 2659468 is divided by 3584?
140
Calculate the remainder when 57683783 is divided by 3032.
3015
What is the remainder when 835198 is divided by 208790?
38
Calculate the remainder when 132717 is divided by 43997.
726
What is the remainder when 655772 is divided by 24?
20
Calculate the remainder when 3217 is divided by 997.
226
Calculate the remainder when 30154079 is divided by 15077024.
31
Calculate the remainder when 4104942 is divided by 2052447.
48
Calculate the remainder when 8628178 is divided by 39.
13
Calculate the remainder when 242615930 is divided by 301.
298
Calculate the remainder when 313986 is divided by 30013.
13856
Calculate the remainder when 30168873 is divided by 407.
405
What is the remainder when 362201 is divided by 672?
665
What is the remainder when 34464065 is divided by 282?
281
Calculate the remainder when 3130743461 is divided by 42.
41
Calculate the remainder when 788863 is divided by 4781.
4779
What is the remainder when 8933299 is divided by 1138?
1137
What is the remainder when 118815 is divided by 1381?
49
Calculate the remainder when 580210 is divided by 856.
698
Calculate the remainder when 152320 is divided by 1647.
796
Calculate the remainder when 693983 is divided by 115.
73
What is the remainder when 5469799 is divided by 40?
39
What is the remainder when 1219776 is divided by 1219767?
9
What is the remainder when 588873 is divided by 443?
126
What is the remainder when 271467 is divided by 186?
93
Calculate the remainder when 116682 is divided by 2626.
1138
Calculate the remainder when 381967 is divided by 4372.
1603
Calculate the remainder when 13448992 is divided by 2988.
4
What is the remainder when 26150846 is divided by 1357?
99
What is the remainder when 11955327 is divided by 45?
42
Calculate the remainder when 619807 is divided by 180.
67
Calculate the remainder when 588801125 is divided by 37.
34
Calculate the remainder when 10185 is divided by 543.
411
Calculate the remainder when 333196 is divided by 1190.
1186
Calculate the remainder when 9434135 is divided by 2042.
95
What is the remainder when 74840641 is divided by 207?
205
Calculate the remainder when 101578672 is divided by 11.
8
What is the remainder when 2486275 is divided by 497064?
955
Calculate the remainder when 81066 is divided by 10106.
218
Calculate the remainder when 23717344 is divided by 148.
48
What is the remainder when 4057756 is divided by 43?
18
Calculate the remainder when 2536583 is divided by 1268166.
251
Calculate the remainder when 14173540 is divided by 671.
7
Calculate the remainder when 8315781 is divided by 6988.
61
What is the remainder when 1638107 is divided by 408984?
2171
Calculate the remainder when 96433 is divided by 2247.
2059
What is the remainder when 80953871 is divided by 4656?
4655
Calculate the remainder when 1529379 is divided by 167.
160
Calculate the remainder when 69537 is divided 